. Determine h(-12).
-454
Let g(l) = -225*l - 11242. Calculate g(-50).
8
Let h(g) = g**2 - 108*g - 2261. Determine h(126).
7
Let v(d) = 25*d + 1913. Calculate v(-77).
-12
Let t(s) = 2*s**3 + 25*s**2 - 5*s - 39. Determine t(-13).
-143
Let i(y) = y**3 + 13*y**2 + 16*y - 87. Give i(-14).
-507
Let o(r) = -r**3 + 2*r**2 + r - 25. Give o(7).
-263
Let d(h) = -h**3 + 37*h**2 + 177*h - 74. Determine d(41).
459
Let g(r) = r**2 + 20*r + 38. Give g(-3).
-13
Let b(y) = y**3 + 36*y**2 - 251*y + 96. Determine b(-42).
54
Let f(k) = 2*k**2 + 45*k + 141. What is f(-19)?
8
Let j(b) = 1568*b + 7844. Give j(-5).
4
Let j(t) = -5*t**3 - 42*t**2 + 143*t - 21. What is j(-11)?
-21
Let u(z) = -z**2 + 25*z + 479. Determine u(37).
35
Let j(w) = w**3 - 26*w**2 + 53*w - 28. Determine j(23).
-396
Let o(w) = -85*w + 1031. Give o(12).
11
Let n(m) = m**3 + 26*m**2 + 21*m - 184. Give n(-25).
-84
Let f(b) = -30*b - 3275. Determine f(-109).
-5
Let o(n) = 93*n + 13. Determine o(0).
13
Let a(v) = -332*v + 993. Determine a(3).
-3
Let d(o) = 137*o**2 + 107*o - 109. What is d(1)?
135
Let b(r) = -22*r - 110. Give b(11).
-352
Let g(f) = f**3 + 14*f**2 + 44*f + 4. Determine g(-5).
9
Let b(y) = -19*y + 575. Give b(32).
-33
Let s(o) = -460*o + 1396. What is s(3)?
16
Let l(p) = -11*p**2 + 18*p + 72. Give l(-4).
-176
Let h(a) = 2*a**2 - 182*a - 6080. What is h(-26)?
4
Let t(w) = w**3 - 8*w**2 + 46*w - 272. What is t(7)?
1
Let q(x) = 60*x + 1840. Give q(-30).
40
Let o(r) = 5*r**2 - 33*r + 65. Determine o(6).
47
Let l(f) = -3964*f - 11891. What is l(-3)?
1
Let y(a) = -19*a**2 + 1213*a + 178. Give y(64).
-14
Let z(s) = -s**2 + 10*s + 4. What is z(1)?
13
Let w(q) = -3*q**3 + 282*q**2 - 15*q + 1426. What is w(94)?
16
Let s(u) = 2*u**2 - 48*u + 289. What is s(15)?
19
Let h(l) = l**2 - 17*l - 359. Determine h(-11).
-51
Let m(l) = 95*l + 2316. What is m(-21)?
321
Let i(u) = 3*u**2 + 207*u - 199. What is i(-70)?
11
Let v(o) = 83*o + 255. What is v(-4)?
-77
Let k(g) = -2*g**3 + 12*g**2 - 7*g + 4. Determine k(5).
19
Let t(d) = 4*d + 353. Calculate t(-69).
77
Let q(a) = -3*a**3 - 15*a**2 + 25*a + 151. What is q(-4)?
3
Let s(y) = -y**3 - 9*y**2 + 214*y + 71. What is s(11)?
5
Let n(c) = c**3 - 4*c**2 - 10*c + 29. Calculate n(3).
-10
Let z(s) = -2*s**2 + 167*s - 77. Give z(83).
6
Let i(u) = u**2 + 18*u - 69. Determine i(11).
250
Let h(m) = -68*m - 1052. Give h(-15).
-32
Let t(z) = 1420*z - 8605. Give t(6).
-85
Let a(z) = z**2 - 20*z - 2. What is a(14)?
-86
Let k(g) = 4*g**3 - 2*g**2 - 50*g + 99. What is k(2)?
23
Let c(i) = 2*i**2 - 119*i - 1167. Determine c(-9).
66
Let n(s) = 9*s**2 + 76*s + 76. Calculate n(-1).
9
Let q(z) = -1266*z - 16466. Calculate q(-13).
-8
Let r(u) = u**2 - 193*u - 5945. What is r(-27)?
-5
Let r(n) = n**2 - 69*n - 1160. Calculate r(-14).
2
Let k(b) = -470*b - 35706. Give k(-76).
14
Let s(y) = 5*y**3 + 230*y**2 + 3*y + 113. What is s(-46)?
-25
Let p(c) = -c**3 - 111*c**2 - 261*c - 16614. Determine p(-110).
-4
Let j(x) = 7*x**2 + 364*x + 8. What is j(-52)?
8
Let t(f) = 1490*f - 53643. Give t(36).
-3
Let l(k) = k**2 - 15*k + 131. What is l(0)?
131
Let t(p) = -46*p - 1152. Determine t(-19).
-278
Let q(l) = 63*l**2 + 2*l - 2. Give q(1).
63
Let o(v) = -16*v**2 - 23*v - 71. Calculate o(-4).
-235
Let g(j) = 161*j - 12670. Determine g(79).
49
Let u(i) = 69*i**3 - 7*i**2 - 1. Determine u(-1).
-77
Let j(x) = -3*x**2 - 17*x + 205. Calculate j(8).
-123
Let b(p) = -p**3 - 931*p + 1859. Determine b(2).
-11
Let b(z) = -745*z + 739. What is b(1)?
-6
Let y(r) = r**3 + 39*r**2 - 190*r - 7389. Calculate y(-39).
21
Let x(u) = u**2 - 17*u - 45. Calculate x(14).
-87
Let o(c) = c**3 - 11*c**2 - 16*c + 320. Give o(9).
14
Let u(l) = -15*l + 79. What is u(8)?
-41
Let w(q) = q**2 - 2133*q - 5. What is w(0)?
-5
Let c(t) = -3*t**2 - 15885*t - 31765. Give c(-2).
-7
Let b(v) = -29*v + 39. Determine b(8).
-193
Let t(o) = -2*o**2 - 21*o + 99. Calculate t(-15).
-36
Let i(q) = -q**2 + 32*q - 267. Give i(14).
-15
Let m(x) = -23*x + 735. What is m(61)?
-668
Let j(y) = -7*y - 367. Determine j(-53).
4
Let n(h) = -18*h**2 - 81*h - 1. Give n(-4).
35
Let a(y) = y - 447. Determine a(59).
-388
Let h(s) = 20*s + 739. What is h(-36)?
19
Let a(x) = 15*x**2 + 722*x + 87. Calculate a(-48).
-9
Let i(g) = -5*g + 99. Calculate i(-7).
134
Let s(c) = -121*c - 493. Give s(-4).
-9
Let x(l) = 28*l + 128. What is x(-8)?
-96
Let u(s) = -235*s - 16675. Determine u(-71).
10
Let g(i) = -i**3 + 11*i**2 - 28*i + 39. Determine g(8).
7
Let n(v) = 22*v - 77. What is n(8)?
99
Let k(g) = 27*g**2 - 1462*g + 208. Give k(54).
-8
Let l(k) = -4*k**2 + 79*k - 24. Calculate l(19).
33
Let b(y) = -182*y - 7107. Determine b(-39).
-9
Let u(k) = 154*k + 25101. Give u(-163).
-1
Let l(a) = -6*a**2 - 14*a + 38. What is l(-8)?
-234
Let l(a) = 5*a + 214. What is l(-74)?
-156
Let h(j) = -j**2 + 18*j - 121. Determine h(11).
-44
Let z(l) = 19*l - 493. Determine z(30).
77
Let t(c) = -c**3 - 7*c**2 + 143*c + 1079. What is t(-8)?
-1
Let t(v) = 1602*v - 22430. Determine t(14).
-2
Let z(r) = -26*r - 87. Calculate z(0).
-87
Let j(r) = -r**3 + 8*r**2 - 3*r + 624. Give j(12).
12
Let r(i) = 8*i - 263. Determine r(21).
-95
Let f(c) = c**3 + 2*c**2 + 21*c + 7. Determine f(-7).
-385
Let q(w) = -w**3 + 28*w**2 + 126*w + 133. Determine q(32).
69
Let x(a) = -a**3 + 41*a**2 + 117*a + 177. Determine x(44).
-483
Let d(h) = -89*h + 2243. What is d(25)?
18
Let z(d) = 103*d + 27929. Calculate z(-271).
16
Let k(b) = b**3 - 13*b**2 + 42*b - 51. What is k(12)?
309
Let m(z) = -4*z**3 + 9*z**2 - 22*z + 51. Give m(2).
11
Let n(w) = -w**3 - 17*w**2 - w + 25. Determine n(-17).
42
Let t(d) = 25*d + 925. Determine t(-37).
0
Let a(g) = 9*g**2 - 10*g - 27. What is a(3)?
24
Let h(a) = 10*a**3 - 20*a + 18. Determine h(1).
8
Let n(z) = -101*z + 188. What is n(5)?
-317
Let o(g) = g**3 - 62*g**2 + 18*g - 213. Give o(62).
903
Let k(w) = -75*w - 384. Determine k(-7).
141
Let w(z) = 2*z - 39. Determine w(22).
5
Let p(z) = 528*z + 2635. What is p(-5)?
-5
Let d(g) = 2*g**3 - 3*g**2 - 212*g + 630. Determine d(3).
21
Let x(a) = -a**2 - 87*a + 2427. Calculate x(24).
-237
Let x(o) = -3*o**3 - 82*o**2 - 32*o - 166. Give x(-27).
-31
Let x(h) = h**2 - 1211*h + 85196. Calculate x(75).
-4
Let k(z) = z**3 - 11*z**2 + 7*z + 99. Determine k(9).
0
Let d(m) = 25*m**2 + 604*m + 23. What is d(-24)?
-73
Let m(p) = -4*p - 73. Determine m(-16).
-9
Let b(k) = 7*k**2 + 4*k - 9. Determine b(2).
27
Let q(a) = 10*a**2 + 51*a + 57. What is q(-8)?
289
Let q(s) = -3*s**3 - 30*s**2 - 20*s + 9. What is q(-9)?
-54
Let z(m) = -m**2 + 19*m + 21. Determine z(-1).
1
Let g(o) = -o**3 + 9*o**2 + 845*o - 6811. Calculate g(8).
13
Let o(k) = 49*k - 13. Determine o(2).
85
Let v(f) = -3*f + 113. What is v(-44)?
245
Let i(h) = -h**3 - 31*h**2 + 951*h + 86. Calculate i(-50).
36
Let r(z) = -6*z - 55. What is r(-13)?
23
Let y(t) = -10*t**3 - 30*t**2 - t + 5. Calculate y(-2).
-33
Let h(l) = -18*l**2 + 107*l + 108. Give h(-1).
-17
Let p(d) = 43*d + 169. Give p(-10).
-261
Let p(s) = -294*s - 2678. What is p(-9)?
-32
Let d(t) = -2*t - 128. What is d(-76)?
24
Let l(b) = b - 9. Give l(-11).
-20
Let d(q) = 91*q - 811. Give d(9).
8
Let d(b) = -b**3 + 59*b**2 - 110*b - 216. Determine d(57).
12
Let y(v) = 5*v**2 + 148*v - 58. What is y(-30)?
2
Let a(h) = h**2 - 74*h - 1012. Calculate a(86).
20
Let x(d) = d**2 + 52*d + 681. Determine x(-41).
230
Let r(c) = 350*c - 220. What is r(1)?
130
Let l(h) = -3*h + 123. Calculate l(42).
-3
Let i(b) = 5*b**2 - 30*b + 3. Calculate i(4).
-37
Let d(t) = 2*t**2 - 96*t + 459. Give d(6).
-45
Let b(y) = -438*y - 127. Calculate b(-1).
311
Let h(r) = -4*r**3 + 53*r**2 - 11*r + 41. Give h(13).
67
Let r(g) = -2*g**2 + 5*g + 25. Give r(-6).
-77
Let a(o) = -160*o + 1790. Calculate a(11).
30
Let h(u) = u**3 - 17*u**2 - 352*u + 107. Give h(29).
-9
Let l(d) = 4*d**2 - 216*d + 984. What is l(5)?
4
Let f(c) = c**3 + 6*c**2 + 16*c + 77. What is f(-6)?
-19
Let g(d) = -32*d + 460. Calculate g(14).
12
Let l(x) = -6*x**2 - 3*x - 9. Calculate l(-4).
-93
Let k(r) = -r**2 + 160*r + 656. What is k(-4)?
0
Let z(f) = -f**3 + 44*f**2 + 40*f + 99. Determine z(45).
-126
Let k(s) = -25*s - 2064. Calculate k(-94).
286
Let q(s) = -13*s - 123. Calculate q(-8).
-19
Let u(v) = -2*v**3 + 131*v**2 + 74*v - 627. Determine u(66).
-99
Let r(p) = 4*p - 133. What is r(35)